e the prime factors of 34474783?
7, 67, 10501
List the prime factors of 181216.
2, 7, 809
List the prime factors of 140143.
140143
What are the prime factors of 3061655?
5, 612331
What are the prime factors of 1375959?
3, 13, 35281
What are the prime factors of 315505?
5, 89, 709
What are the prime factors of 251639?
251639
What are the prime factors of 316358?
2, 7, 59, 383
What are the prime factors of 40584?
2, 3, 19, 89
List the prime factors of 489840.
2, 3, 5, 13, 157
What are the prime factors of 934496?
2, 19, 29, 53
What are the prime factors of 614632?
2, 76829
What are the prime factors of 947220?
2, 3, 5, 15787
List the prime factors of 3266739.
3, 7, 51853
List the prime factors of 477209.
477209
List the prime factors of 301481.
103, 2927
What are the prime factors of 291174?
2, 3, 13, 3733
List the prime factors of 403179.
3, 7, 73, 263
What are the prime factors of 2017884?
2, 3, 11, 15287
What are the prime factors of 898685?
5, 179737
What are the prime factors of 6314700?
2, 3, 5, 7, 31, 97
List the prime factors of 5189855.
5, 11, 127, 743
What are the prime factors of 224458?
2, 13, 89, 97
List the prime factors of 3193058.
2, 11, 145139
What are the prime factors of 90070?
2, 5, 9007
What are the prime factors of 12494622?
2, 3, 7, 521, 571
List the prime factors of 5648120.
2, 5, 337, 419
List the prime factors of 33714.
2, 3, 1873
What are the prime factors of 11988413?
31, 386723
List the prime factors of 5769267.
3, 7, 43, 6389
What are the prime factors of 92061?
3, 53, 193
What are the prime factors of 208143?
3, 13, 593
What are the prime factors of 13248448?
2, 137, 1511
List the prime factors of 8938.
2, 41, 109
What are the prime factors of 1724625?
3, 5, 7, 73
List the prime factors of 625430.
2, 5, 13, 17, 283
List the prime factors of 23676752.
2, 11, 23, 5849
What are the prime factors of 201086?
2, 29, 3467
List the prime factors of 949922.
2, 211, 2251
List the prime factors of 895413.
3, 19, 23, 683
What are the prime factors of 10543594?
2, 19, 37, 7499
List the prime factors of 10330300.
2, 5, 19, 5437
What are the prime factors of 302618?
2, 83, 1823
What are the prime factors of 262297?
7, 53, 101
List the prime factors of 449455.
5, 89891
List the prime factors of 3871175.
5, 7, 11, 2011
What are the prime factors of 1676630?
2, 5, 167663
What are the prime factors of 288312?
2, 3, 41, 293
List the prime factors of 41943.
3, 11, 31, 41
List the prime factors of 18521785.
5, 23, 161059
List the prime factors of 13739438.
2, 6869719
List the prime factors of 275212.
2, 7, 9829
List the prime factors of 7768133.
17, 456949
List the prime factors of 2580681.
3, 29, 29663
What are the prime factors of 21100572?
2, 3, 53, 11059
What are the prime factors of 96799?
96799
List the prime factors of 169457.
169457
What are the prime factors of 17484305?
5, 157, 22273
List the prime factors of 181269.
3, 11, 1831
What are the prime factors of 1537688?
2, 23, 61, 137
What are the prime factors of 3457183?
19, 181957
What are the prime factors of 3974?
2, 1987
List the prime factors of 3878200.
2, 5, 19391
List the prime factors of 27244184.
2, 11, 73, 4241
What are the prime factors of 6270343?
59, 106277
List the prime factors of 250273.
107, 2339
What are the prime factors of 683349?
3, 17, 13399
What are the prime factors of 994993?
17, 107, 547
What are the prime factors of 53823?
3, 7, 11, 233
What are the prime factors of 666566?
2, 333283
List the prime factors of 443842.
2, 7, 647
What are the prime factors of 118504?
2, 14813
What are the prime factors of 675?
3, 5
List the prime factors of 2796631.
181, 15451
What are the prime factors of 151551?
3, 1871
What are the prime factors of 175374?
2, 3, 9743
What are the prime factors of 3541385?
5, 269, 2633
List the prime factors of 4917205.
5, 983441
What are the prime factors of 3015758?
2, 1507879
List the prime factors of 163876.
2, 53, 773
List the prime factors of 1829444.
2, 601, 761
What are the prime factors of 809035?
5, 161807
List the prime factors of 826681.
826681
List the prime factors of 17611655.
5, 3522331
List the prime factors of 620416.
2, 37, 131
What are the prime factors of 518756?
2, 7, 97, 191
List the prime factors of 2699017.
2699017
What are the prime factors of 100401?
3, 7, 683
List the prime factors of 107325.
3, 5, 53
List the prime factors of 586510.
2, 5, 89, 659
List the prime factors of 1336966.
2, 239, 2797
List the prime factors of 688429.
7, 98347
What are the prime factors of 413134?
2, 17, 29, 419
What are the prime factors of 11791287?
3, 1310143
List the prime factors of 358775.
5, 113, 127
List the prime factors of 11021648.
2, 11, 5693
List the prime factors of 3840214.
2, 7, 274301
List the prime factors of 4222162.
2, 7, 301583
What are the prime factors of 8479266?
2, 3, 1413211
List the prime factors of 1691306.
2, 845653
What are the prime factors of 2504305?
5, 500861
What are the prime factors of 985182?
2, 3, 11, 23, 59
List the prime factors of 14625444.
2, 3, 1218787
What are the prime factors of 2618128?
2, 163633
What are the prime factors of 13055091?
3, 7, 621671
What are the prime factors of 308964?
2, 3, 25747
List the prime factors of 18971256.
2, 3, 31, 43, 593
What are the prime factors of 21751493?
647, 33619
What are the prime factors of 2175801?
3, 181, 4007
What are the prime factors of 2047021?
17, 120413
What are the prime factors of 182615?
5, 36523
What are the prime factors of 304022?
2, 71, 2141
List the prime factors of 8165004.
2, 3, 680417
What are the prime factors of 1025826?
2, 3, 170971
List the prime factors of 9420878.
2, 359, 13121
List the prime factors of 132738.
2, 3, 22123
What are the prime factors of 455837?
23, 19819
List the prime factors of 11729528.
2, 1466191
List the prime factors of 345895.
5, 11, 19, 331
List the prime factors of 502678.
2, 11, 73, 313
What are the prime factors of 124641?
3, 11, 1259
What are the prime factors of 263041?
17, 15473
List the prime factors of 220855.
5, 44171
List the prime factors of 13856151.
3, 4618717
What are the prime factors of 80125?
5, 641
What are the prime factors of 476126?
2, 7, 71, 479
What are the prime factors of 430518?
2, 3, 11, 593
List the prime factors of 3632921.
31, 117191
What are the prime factors of 194088?
2, 3, 8087
List the prime factors of 12471138.
2, 3, 157, 1471
List the prime factors of 26965119.
3, 37, 277, 877
What are the prime factors of 1400771?
89, 15739
List the prime factors of 113034.
2, 3, 18839
List the prime factors of 10525099.
13, 23, 35201
List the prime factors of 109125.
3, 5, 97
List the prime factors of 1028938.
2, 499, 1031
What are the prime factors of 2340236?
2, 401, 1459
What are the prime factors of 207701?
13, 1229
What are the prime factors of 27887911?
53, 197, 2671
List the prime factors of 654192.
2, 3, 7, 11, 59
List the prime factors of 68285.
5, 7, 1951
What are the prime factors of 4530278?
2, 31, 89, 821
List the prime factors of 33821879.
7, 13, 371669
What are the prime factors of 23340410?
2, 5, 313, 7457
List the prime factors of 6917624.
2, 7, 2521
List the prime factors of 2723305.
5, 13, 41897
List the prime factors of 181942.
2, 90971
What are the prime factors of 13255781?
7, 11, 172153
What are the prime factors of 385686?
2, 3, 7, 3061
What are the prime factors of 876982?
2, 277, 1583
List the prime factors of 3471465.
3, 5, 231431
List the prime factors of 28695675.
3, 5, 157, 2437
What are the prime factors of 442488?
2, 3, 103, 179
What are the prime factors of 210502?
2, 105251
List the prime factors of 45439.
45439
What are the prime factors of 326524?
2, 11, 41, 181
What are the prime factors of 4339597?
31, 139987
What are the prime factors of 1700279?
7, 293, 829
What are the prime factors of 859684?
2, 7, 30703
What are the prime factors of 609572?
2, 152393
List the prime factors of 8496451.
2671, 3181
What are the prime factors of 54328?
2, 6791
List the prime factors of 108593.
31, 113
List the prime factors of 4205308.
2, 19, 55333
What are the prime factors of 1122093?
3, 7, 1979
What are the prime factors of 1432351?
1432351
What are the prime factors of 1372098?
2, 3, 7, 13, 359
What are the prime factors of 317550?
2, 3, 5, 29